 2)/(4/6). Suppose -5*x - m + 551 = 0, 3*x - x = 3*m + b. What is the units digit of x?
0
Let d(w) = 17*w**3 - 3*w**2 - 87*w + 13. What is the ten thousands digit of d(9)?
1
Let v(m) be the third derivative of 29*m**5/60 + 17*m**4/12 + 41*m**3 - 319*m**2. What is the tens digit of v(-8)?
3
Let c(m) = -m**3 + 5*m**2 + 11*m - 32. Let p be c(6). Let z(f) = -53*f - 20. What is the tens digit of z(p)?
8
Let s = -8122 - -20559. What is the ten thousands digit of s?
1
Suppose 35*n - 25305 = 28*n. What is the units digit of n?
5
Let o be ((-11)/(-2) - 5)*8. Suppose o*l - 2*k - 5794 = 0, -k + 4332 = 3*l + 2*k. What is the hundreds digit of l?
4
Let n(x) = x**3 + 18*x**2 - 4*x - 30. Suppose 0*h = -2*h + 2*t - 44, 2*h = -4*t - 20. Let f be n(h). What is the tens digit of (2*9)/(f/112)?
4
Let v(o) = 22*o - 54. Suppose 3*u - 45 = 5*b - 138, -4*b + 3*u = -72. What is the tens digit of v(b)?
0
Suppose 0 = 310*f - 32*f - 2366136 - 3501054. What is the thousands digit of f?
1
Let w = 123 - 120. What is the tens digit of (-68)/12 + 6 - (-1235)/w?
1
Suppose -208 = 149*i - 133*i. Let p(k) = 5*k**2 + 32*k - 14. What is the hundreds digit of p(i)?
4
Let o = -3299 + 13509. What is the units digit of o?
0
Let p(d) = -d**2 - 4*d - 161. Let l be p(26). Let n = l - -1710. What is the tens digit of n?
6
Suppose 37*h - 2*u - 212 = 33*h, -2*h + 3*u + 110 = 0. Suppose -h*t = -26*t - 11440. What is the hundreds digit of t?
4
Let y = -12908 - -19390. What is the units digit of y?
2
Suppose 0 = 10*f - 3*f + 329. Let l be (f/3*1)/(13/117). Let p = -10 - l. What is the units digit of p?
1
Let c(o) = o**3 - 96*o**2 - 410*o - 392. What is the hundreds digit of c(102)?
2
Suppose -13*m = 2*f - 16*m - 131, 3*f - 5*m = 199. What is the units digit of f*14 + (-74 - -68)?
6
Let t be ((-4974)/(-21))/((-3 + 1)/(-14)). Suppose 4*a - 2*v = 1324, -5*a - 7*v + t = -11*v. What is the tens digit of a?
3
Suppose 0 = d - 1, -47*y + 43*y + 172485 = d. What is the ten thousands digit of y?
4
Suppose -3*h + 2*v = 2, 26 = -2*v + 28. Suppose -15*o - o + 3488 = h. What is the units digit of o?
8
Suppose 232*l = -4*l + 2704088. What is the tens digit of l?
5
Suppose 5*x - 130 = -5*b, -4*b - 3*x - 118 = -8*b. Suppose -11*t + 27 = -b. Suppose -308 = -t*r - 2*r. What is the tens digit of r?
4
Let d = -147 + 1978. Suppose -5*g = 2*r - 1301 - d, 4*g - 3*r - 2501 = 0. What is the tens digit of g?
2
Suppose -32*s = 154*s - 856158. What is the hundreds digit of s?
6
Suppose 4*s = -k + 18229, 90*s - 22788 = 85*s - k. What is the hundreds digit of s?
5
Suppose 47189 = 35*b - 217901. What is the tens digit of b?
7
Suppose 5*m - 22 = 3*d - 5, 2*m - 3 = 5*d. Let c = d + 13. What is the tens digit of -13 + c - (-1 + -63)?
6
Let d(f) be the second derivative of f**4/12 + 13*f**3/6 + 27*f**2/2 + 14*f. Let n be d(-11). What is the tens digit of (-61)/(n/(-15)*3)?
6
Suppose -6*p + 44*p - 675178 = 9*p. What is the tens digit of p?
8
Suppose -3*r - 32 = -5*h, 4 = -9*r + 8*r. Suppose 5*i = 7*i + h*p - 2392, 0 = -5*p - 5. What is the hundreds digit of i?
1
Let a(n) = 31*n**2 - 2944*n + 101. What is the ten thousands digit of a(110)?
5
Let t(a) = -13*a**2 + 585*a - 111. What is the tens digit of t(30)?
3
Suppose -z + 3*n = -19595, -48505 - 29890 = -4*z - 3*n. What is the ten thousands digit of z?
1
Suppose -2*i - 16 = -4*x, 4 = 4*x - 15*i + 19*i. Suppose k = -t - x*t + 2517, t - 624 = 5*k. What is the hundreds digit of t?
6
Let k be (-8)/2 + (-6 - -22). Suppose -2*q + 8 = 0, -k*w = -11*w + 2*q - 343. What is the units digit of w?
5
Suppose 14 = 2*v - 2*f, -4*f + 43 - 17 = 2*v. Suppose 6520 = 4*p - v*p. What is the tens digit of 8/(-52) - p/26?
5
What is the hundreds digit of 33908 + -2 - (-10 - (-8)/2)?
9
Let o(m) = 27*m**2 + 7*m - 14. Let y be o(5). Let s = -451 + y. Let u = 390 - s. What is the hundreds digit of u?
1
Suppose -15*z + 193509 = -z - 130885. What is the thousands digit of z?
3
Suppose -2*y - 1 + 1 = 0. Suppose y*m - 4*m = -8. Suppose -n - 367 = -4*i + m*n, 2*i - 2*n = 186. What is the units digit of i?
8
Suppose 7*q - 6*q = -2*h + 20, 2*h - q = 12. Suppose h*n = 2377 + 9383. What is the units digit of n?
0
Let i be (1 - (-5)/(-20))/(3/(-24)). What is the thousands digit of ((-21620)/161)/(i/14)*6?
1
Let h(f) = -7*f**2 - 29*f - 11. Let a(t) = -10*t**2 - 44*t - 17. Let r(i) = -5*a(i) + 7*h(i). Suppose 6*p + 36 = 4*p. What is the tens digit of r(p)?
2
Suppose r = x + 2, -25*x + 27*x + 8 = 3*r. What is the tens digit of ((-1)/((-2)/72))/(x/6)?
0
Let s(v) = -10*v**2 - 5*v - 25. Let t(f) = -27*f**2 - 14*f - 76. Let m(q) = -10*s(q) + 3*t(q). What is the units digit of m(-4)?
4
Suppose 0*l - 3*f = -l - 9, 2*l - f = -23. Let m(z) = -z**3 - 9*z**2 + z - 4. What is the hundreds digit of m(l)?
4
Suppose -5*a - 3*o + 31 = 0, 4*a = -2*o - 0*o + 24. Suppose a*u + 1 - 26 = 0. Suppose u*y = 157 - 47. What is the units digit of y?
2
What is the tens digit of (-3 - -9)/(24/12464*1)?
1
What is the hundreds digit of ((-2)/(-4)*(-228)/12)/(1/(-186))?
7
Let r = -476 + 892. Suppose r = 12*b - 4*b. Suppose -2*p = -2*a - b - 68, -2*p - a + 120 = 0. What is the tens digit of p?
6
Let j(l) = 7*l**3 - 8*l**2 + 11*l - 4. Let d = -100 + 104. What is the tens digit of j(d)?
6
Suppose 30 = 4*a + 2. Let w(r) = -r**2 + 50. Let f be w(a). What is the units digit of ((-6)/10 - f)/((-2)/150)?
0
Let y(q) be the second derivative of -4*q**3/3 - 12*q**2 + q - 26. What is the tens digit of y(-7)?
3
Suppose -87*r + 2083359 = 24*r. What is the tens digit of r?
6
Let l be (-14 - -11)*(2 - 8/3). Suppose l*v = 4*s - v - 62, -s + 21 = 2*v. What is the tens digit of s?
1
Suppose 0 = -22*y + 20*y. Suppose -22*k + 9497 + 18267 = y. What is the tens digit of k?
6
Suppose 33*o + 13*o = 71852. What is the thousands digit of o?
1
Let x = 16481 + -9466. What is the hundreds digit of x?
0
Suppose -8*v - 16 = -10*v. Let c be 136/22 - 1 - v/44. Suppose c*i + 384 = 9*i. What is the tens digit of i?
9
Suppose -j - 6*j + 777 = 0. Let l = 113 - j. Suppose l*h - 52 + 34 = 0. What is the units digit of h?
9
What is the tens digit of (-4068)/5424 + 0 + (-94367)/(-4)?
9
Let u(p) = 8*p**2 + 6*p - 63. Let y be u(10). Let m = 1613 - y. What is the units digit of m?
6
Let f(v) = -v**3 + 10*v**2 + 10*v + 16. Let s be f(11). Let g(o) = -7*o + s*o - 5*o + 31*o + 3. What is the tens digit of g(2)?
5
What is the units digit of (-332)/2490 - 127007/(-15)?
7
Suppose 3*z + 5*i - 4616 = 0, -4*z - 5*i + 6163 = -0*z. Suppose f - z = -16*f. What is the units digit of f?
1
Suppose 15 = -5*i, -32 = -2*b - 3*i + 35. Suppose 14 = 2*y - 16. Let d = b - y. What is the tens digit of d?
2
Let y(k) = 28*k**3 - 9*k**2 - 27*k + 254. What is the ten thousands digit of y(9)?
1
Let f be 11823/((-21)/(-3)) + 3. What is the hundreds digit of (21/(-4))/((-9)/f)?
9
Let c(t) be the second derivative of 3*t**4/4 + 2*t**3/3 + 7*t**2 - 29*t. What is the tens digit of c(5)?
5
Let u = 10324 - 4053. What is the tens digit of u?
7
Let x(w) be the second derivative of w**3/2 - 25*w**2 - 36*w. Let m be x(13). What is the units digit of (4*m/(-6))/(20/330)?
1
Let j(g) = -3*g + 9. Let q be j(6). What is the hundreds digit of 75/q*3*-5?
1
Suppose 8414*h - 8426*h + 205032 = 0. What is the units digit of h?
6
Let o(j) = -69*j - 6. Let l be o(-2). Suppose 0 = 15*u - 18*u + l. What is the units digit of ((-759)/u)/(6/(-40))?
5
What is the units digit of (-3 + ((-39336)/18)/11)*-21?
5
Let r(t) = t**3 + 54*t**2 - 44*t - 181. What is the tens digit of r(-24)?
5
Let i(o) be the third derivative of -1/8*o**4 + 0 - 13/6*o**3 + 20*o**2 - 13/60*o**5 + 0*o + 1/120*o**6. What is the tens digit of i(14)?
4
Let o(i) be the second derivative of i**4/12 + i**3/6 - 9*i**2 - 3*i. Let a be o(-5). Suppose a*n - 194 = 6. What is the hundreds digit of n?
1
Let t = 84319 + -44010. What is the ten thousands digit of t?
4
Let x(v) = 4*v**3 + 4*v + 2537. What is the tens digit of x(0)?
3
Let q(m) = 77*m**2 - 1175*m - 49. What is the thousands digit of q(-20)?
4
Let y(f) be the first derivative of f**4/4 + 8*f**3/3 - 3*f**2 - 9*f - 285. Let c be (-23)/3 - (-4)/6. What is the units digit of y(c)?
2
Let t(c) = -176*c - 732. Let r be t(-6). Suppose 4*d - 2*s - 1866 = 0, d - s - 207 - 258 = 0. Let o = d - r. What is the tens digit of o?
4
Let l(y) = 